rime number?
False
Is 1383479 prime?
True
Is 1861 composite?
False
Is 40591 prime?
True
Is 57467 a composite number?
False
Is 9865 a composite number?
True
Is 1710119 a composite number?
True
Is 392053 a composite number?
False
Is 61881 prime?
False
Is 9383 composite?
True
Is 156157 a prime number?
True
Is 4297 a prime number?
True
Is 301355 composite?
True
Is 677867 composite?
True
Is 182579 a composite number?
False
Is 18851 a composite number?
True
Is 334447 prime?
True
Is 34249 a composite number?
True
Is 35135 composite?
True
Is 39749 composite?
False
Is 13613 a composite number?
False
Is 6163 prime?
True
Is 689 composite?
True
Is 26899 a composite number?
True
Is 90291 a composite number?
True
Is 83645 a composite number?
True
Is 469837 a composite number?
True
Is 508619 composite?
False
Is 3109 prime?
True
Is 49757 composite?
False
Is 243193 a composite number?
True
Is 36037 prime?
True
Is 4598473 a composite number?
True
Is 17401 prime?
True
Is 44017 a prime number?
True
Is 2554711 prime?
True
Is 1792217 a composite number?
True
Is 2231 composite?
True
Is 996785 a composite number?
True
Is 29639 a prime number?
False
Is 47039 prime?
False
Is 3371 composite?
False
Is 52963 prime?
True
Is 214882 composite?
True
Is 441797 prime?
True
Is 999473 prime?
False
Is 14359 a prime number?
False
Is 10559 composite?
False
Is 12049 a prime number?
True
Is 1714403 composite?
False
Is 17093 prime?
True
Is 11255 composite?
True
Is 10559 a composite number?
False
Is 410573 a composite number?
True
Is 1850627 a composite number?
True
Is 57917 prime?
True
Is 32543 a prime number?
False
Is 38039 a composite number?
False
Is 46457 composite?
False
Is 145507 a prime number?
False
Is 1583 a composite number?
False
Is 36178 composite?
True
Is 163363 a composite number?
False
Is 16217 prime?
True
Is 11582651 a composite number?
False
Is 84541 a composite number?
True
Is 130903 composite?
True
Is 4937 composite?
False
Is 82339 composite?
False
Is 9589 prime?
False
Is 50341 a composite number?
False
Is 72719 composite?
False
Is 74719 a prime number?
True
Is 22751 a composite number?
False
Is 46499 a prime number?
True
Is 35314 a composite number?
True
Is 52021 composite?
False
Is 510789 composite?
True
Is 2939 prime?
True
Is 189533 a prime number?
False
Is 237 composite?
True
Is 5855 composite?
True
Is 1858639 prime?
False
Is 72811 prime?
False
Is 154046 composite?
True
Is 2538203 prime?
True
Is 4861 a prime number?
True
Is 1122563 prime?
False
Is 725789 composite?
False
Is 4299 a composite number?
True
Is 34123 prime?
True
Is 593321 a composite number?
False
Is 23723 prime?
False
Is 6607 composite?
False
Is 388981 composite?
True
Is 176777 a composite number?
False
Is 668443 composite?
True
Is 687883 a composite number?
True
Is 2789 a composite number?
False
Is 50443 a composite number?
True
Is 128807 composite?
True
Is 11729 a composite number?
True
Is 7838 a composite number?
True
Is 307 a composite number?
False
Is 112969 a composite number?
True
Is 29179 prime?
True
Is 121721 a prime number?
True
Is 1009 a composite number?
False
Is 24859 a prime number?
True
Is 113689 a composite number?
True
Is 123131 a composite number?
True
Is 28429 prime?
True
Is 3595 a prime number?
False
Is 42667 prime?
True
Is 6679 a prime number?
True
Is 73517 a composite number?
False
Is 3631 a prime number?
True
Is 269337 a prime number?
False
Is 951259 composite?
False
Is 163601 prime?
True
Is 244865 prime?
False
Is 1706 a prime number?
False
Is 505634 a composite number?
True
Is 88159 a prime number?
False
Is 11789 a composite number?
False
Is 967191 a composite number?
True
Is 69297 prime?
False
Is 308119 a composite number?
True
Is 3073 a prime number?
False
Is 613697 prime?
False
Is 478757 a composite number?
True
Is 2484803 a prime number?
True
Is 1255013 a composite number?
False
Is 1543411 a prime number?
False
Is 8941 prime?
True
Is 14173 composite?
False
Is 139423 composite?
False
Is 828557 a composite number?
False
Is 87037 a composite number?
False
Is 167953 a prime number?
True
Is 79177 prime?
False
Is 5261 prime?
True
Is 138155 a composite number?
True
Is 91279 composite?
True
Is 8213 a prime number?
False
Is 179987 a prime number?
False
Is 1219 prime?
False
Is 1242221 a composite number?
False
Is 65761 a prime number?
True
Is 3409 prime?
False
Is 43889 composite?
False
Is 11474 a composite number?
True
Is 178753 a prime number?
True
Is 45863 a prime number?
True
Is 883 a composite number?
False
Is 1633643 a composite number?
True
Is 93019 a prime number?
False
Is 388301 prime?
True
Is 88553 a composite number?
True
Is 38089 composite?
True
Is 3709 a composite number?
False
Is 383722 a prime number?
False
Is 588587 a prime number?
False
Is 458059 composite?
True
Is 22531 composite?
False
Is 4321 a composite number?
True
Is 60337 prime?
True
Is 112123 prime?
False
Is 126095 a prime number?
False
Is 553613 a prime number?
False
Is 26539 prime?
True
Is 13289 a composite number?
True
Is 180533 prime?
True
Is 55661 composite?
False
Is 77381 a composite number?
True
Is 10213 prime?
False
Is 336029 a composite number?
False
Is 139807 a prime number?
False
Is 1189 a prime number?
False
Is 321 a prime number?
False
Is 17191 a prime number?
True
Is 1183751 prime?
False
Is 1206393 prime?
False
Is 320719 a prime number?
False
Is 786407 prime?
True
Is 3449 a composite number?
False
Is 568069 a prime number?
True
Is 1286663 prime?
False
Is 85673 a prime number?
False
Is 1355027 a prime number?
False
Is 5557 composite?
False
Is 8201 composite?
True
Is 37087 prime?
True
Is 515 prime?
False
Is 838934 a composite number?
True
Is 145999 a composite number?
True
Is 44953 a prime number?
True
Is 3811 a composite number?
True
Is 30787 prime?
False
Is 630277 prime?
False
Is 811 composite?
False
Is 50117 a composite number?
True
Is 2781377 prime?
True
Is 8059 prime?
True
Is 144457 a prime number?
False
Is 14291 a prime number?
False
Is 983113 a composite number?
False
Is 739813 prime?
True
Is 21713 composite?
False
Is 1869859 composite?
False
Is 16919 a composite number?
True
Is 200917 a prime number?
False
Is 2933 a prime number?
False
Is 85991 composite?
False
Is 304726 composite?
True
Is 2915035 a prime number?
False
Is 1618891 prime?
True
Is 102761 composite?
False
Is 400409 a composite number?
False
Is 21893 a composite number?
False
Is 192754 a prime number?
False
Is 881837 prime?
False
Is 8251 a prime number?
False
Is 227618 prime?
False
Is 3317 composite?
True
Is 368185 composite?
True
Is 11311 prime?
True
Is 51047 composite?
False
Is 73181 a composite number?
False
Is 313909 prime?
True
Is 671 a prime number?
False
Is 906803 a prime number?
False
Is 188749 a prime number?
False
Is 353931 prime?
False
Is 335329 a composite number?
True
Is 38543 composite?
False
Is 42821 composite?
False
Is 86753 a composite number?
False
Is 3833 a prime number?
True
Is 38009 prime?
False
Is 7417 prime?
True
Is 56577 a prime number?
False
Is 158419 a prime number?
True
Is 200111 prime?
False
Is 238291 a prime number?
True
Is 1857235 a prime number?
False
Is 251387 prime?
True
Is 60209 prime?
True
Is 47237 composite?
False
Is 38105 a prime number?
False
Is 7149 a composite number?
True
Is 1255 composite?
True
Is 2111 prime?
True
Is 494023 a composite number?
False
Is 300205 a prime number?
False
Is 5059 a composite number?
False
Is 1272233 prime?
True
Is 33643 prime?
False
Is 305981 composite?
True
Is 1283029 a composite number?
True
Is 42565 prime?
False
Is 148489 composite?
True
Is 9293 composite?
False
Is 3205 prime?
False
Is 12419 composite?
True
Is 20021 prime?
True
Is 119 prime?
False
Is 17337 a composite number?
True
Is 55 a composite number?
True
Is 173254 prime?
False
Is 1055 composite?
True
Is 12469 a prime number?
False
Is 42673 a prime number?
False
Is 243043 a composite number?
True
Is 71403 a prime number?
False
Is 111 a composite number?
True
Is 647477 prime?
True
Is 389 composite?
False
Is 513805 a prime number?
False
Is 18349 a composite number?
True
Is 4083533 composite?
False
Is 19441 a prime number?
True
Is 23703 a prime number?
False
Is 193195 a composite number?
True
Is 42101 composite?
False
Is 1858 composite?
True
Is 12297 composite?
True
Is 55291 a prime number?
True
Is 3